{"id":1655,"date":"2020-07-02T12:51:58","date_gmt":"2020-07-02T12:51:58","guid":{"rendered":"http:\/\/www.almetal.de\/wordpress\/?page_id=1655"},"modified":"2021-03-29T14:55:32","modified_gmt":"2021-03-29T14:55:32","slug":"fjoerdis-vom-almetal","status":"publish","type":"page","link":"http:\/\/www.almetal.de\/wordpress\/?page_id=1655","title":{"rendered":"Fj\u00f6rdis vom Almetal"},"content":{"rendered":"<h3 class=\"h3\"><strong>Braune 7-J\u00e4hrige, elegante 141 cm gro\u00dfe Viergangstute f\u00fcr den anspruchsvollen Reiter<\/strong><\/h3>\n<p>Braune 7-J\u00e4hrige, elegante 141 cm gro\u00dfe Viergangstute f\u00fcr den anspruchsvollen ambitionierten Jugendlichen oder Freizeitreiter,<br \/>\nVater: Framheryi fra Flagbjarnaholti IS2007186651<br \/>\nMutter: Snild Frau Skidbakka IS2006284503<br \/>\nViergangstute mit gut mittleren Bewegungen bei klarer, gleichm\u00e4\u00dfiger Gangverteilung und mittlerem Temperament. Sie ist leicht zu t\u00f6lten und sehr gut in allen vier G\u00e4ngen ausgebildet.<br \/>\nFj\u00f6rdis ist sofort im Sport (T7, V5, Gehorsam B, Trail etc.) einsetzbar.<br \/>\nNat\u00fcrlich ist Fj\u00f6rdis schmiede-, verladefromm und regelm\u00e4\u00dfig entwurmt und geimpft. Fj\u00f6rdis hat ganz leichtes Ekzem. Fj\u00f6rdis wir derzeit aus Pferd f\u00fcr unsere Auszubildenden im Rahmen der Pferdewirtsausbildung und f\u00fcr fortgeschrittene Reitsch\u00fcler eingesetzt<\/p>\n<p><a href=\"http:\/\/www.almetal.de\/wordpress\/wp-content\/uploads\/2021\/03\/Abstammung-Fjoerdis.pdf\">Abstammung Fj\u00f6rdis<\/a><\/p>\n<p>Preis: 9.500 \u20ac<\/p>\n<p><a href=\"http:\/\/www.almetal.de\/wordpress\/wp-content\/uploads\/2020\/07\/Fjoerdis.jpeg\"><img loading=\"lazy\" decoding=\"async\" class=\"alignleft size-medium wp-image-1660\" src=\"http:\/\/www.almetal.de\/wordpress\/wp-content\/uploads\/2020\/07\/Fjoerdis-300x225.jpeg\" alt=\"\" width=\"300\" height=\"225\" srcset=\"http:\/\/www.almetal.de\/wordpress\/wp-content\/uploads\/2020\/07\/Fjoerdis-300x225.jpeg 300w, http:\/\/www.almetal.de\/wordpress\/wp-content\/uploads\/2020\/07\/Fjoerdis-768x576.jpeg 768w, http:\/\/www.almetal.de\/wordpress\/wp-content\/uploads\/2020\/07\/Fjoerdis-1024x768.jpeg 1024w, http:\/\/www.almetal.de\/wordpress\/wp-content\/uploads\/2020\/07\/Fjoerdis.jpeg 1600w\" sizes=\"auto, (max-width: 300px) 100vw, 300px\" \/><\/a><a href=\"http:\/\/www.almetal.de\/wordpress\/wp-content\/uploads\/2020\/07\/Fjoerdis-2.jpeg\"><img loading=\"lazy\" decoding=\"async\" class=\"alignleft size-medium wp-image-1659\" src=\"http:\/\/www.almetal.de\/wordpress\/wp-content\/uploads\/2020\/07\/Fjoerdis-2-300x225.jpeg\" alt=\"\" width=\"300\" height=\"225\" srcset=\"http:\/\/www.almetal.de\/wordpress\/wp-content\/uploads\/2020\/07\/Fjoerdis-2-300x225.jpeg 300w, http:\/\/www.almetal.de\/wordpress\/wp-content\/uploads\/2020\/07\/Fjoerdis-2-768x576.jpeg 768w, http:\/\/www.almetal.de\/wordpress\/wp-content\/uploads\/2020\/07\/Fjoerdis-2-1024x768.jpeg 1024w, http:\/\/www.almetal.de\/wordpress\/wp-content\/uploads\/2020\/07\/Fjoerdis-2.jpeg 1600w\" sizes=\"auto, (max-width: 300px) 100vw, 300px\" \/><\/a> <a href=\"http:\/\/www.almetal.de\/wordpress\/wp-content\/uploads\/2020\/07\/bild-almetal.jpg\"><img loading=\"lazy\" decoding=\"async\" class=\"alignleft size-medium wp-image-1658\" src=\"http:\/\/www.almetal.de\/wordpress\/wp-content\/uploads\/2020\/07\/bild-almetal-139x300.jpg\" alt=\"\" width=\"139\" height=\"300\" srcset=\"http:\/\/www.almetal.de\/wordpress\/wp-content\/uploads\/2020\/07\/bild-almetal-139x300.jpg 139w, http:\/\/www.almetal.de\/wordpress\/wp-content\/uploads\/2020\/07\/bild-almetal.jpg 377w\" sizes=\"auto, (max-width: 139px) 100vw, 139px\" \/><\/a><a href=\"http:\/\/www.almetal.de\/wordpress\/wp-content\/uploads\/2020\/07\/IMG_0687.jpg\"><img loading=\"lazy\" decoding=\"async\" class=\"alignleft size-medium wp-image-1661\" src=\"http:\/\/www.almetal.de\/wordpress\/wp-content\/uploads\/2020\/07\/IMG_0687-139x300.jpg\" alt=\"\" width=\"139\" height=\"300\" srcset=\"http:\/\/www.almetal.de\/wordpress\/wp-content\/uploads\/2020\/07\/IMG_0687-139x300.jpg 139w, http:\/\/www.almetal.de\/wordpress\/wp-content\/uploads\/2020\/07\/IMG_0687-473x1024.jpg 473w, http:\/\/www.almetal.de\/wordpress\/wp-content\/uploads\/2020\/07\/IMG_0687.jpg 507w\" sizes=\"auto, (max-width: 139px) 100vw, 139px\" \/><\/a><\/p>\n","protected":false},"excerpt":{"rendered":"<p>Braune 7-J\u00e4hrige, elegante 141 cm gro\u00dfe Viergangstute f\u00fcr den anspruchsvollen Reiter Braune 7-J\u00e4hrige, elegante 141 cm gro\u00dfe Viergangstute f\u00fcr den anspruchsvollen ambitionierten Jugendlichen oder Freizeitreiter, [&#8230;]<\/p>\n","protected":false},"author":2,"featured_media":0,"parent":403,"menu_order":55,"comment_status":"closed","ping_status":"closed","template":"","meta":{"footnotes":""},"class_list":["post-1655","page","type-page","status-publish","hentry"],"_links":{"self":[{"href":"http:\/\/www.almetal.de\/wordpress\/index.php?rest_route=\/wp\/v2\/pages\/1655","targetHints":{"allow":["GET"]}}],"collection":[{"href":"http:\/\/www.almetal.de\/wordpress\/index.php?rest_route=\/wp\/v2\/pages"}],"about":[{"href":"http:\/\/www.almetal.de\/wordpress\/index.php?rest_route=\/wp\/v2\/types\/page"}],"author":[{"embeddable":true,"href":"http:\/\/www.almetal.de\/wordpress\/index.php?rest_route=\/wp\/v2\/users\/2"}],"replies":[{"embeddable":true,"href":"http:\/\/www.almetal.de\/wordpress\/index.php?rest_route=%2Fwp%2Fv2%2Fcomments&post=1655"}],"version-history":[{"count":5,"href":"http:\/\/www.almetal.de\/wordpress\/index.php?rest_route=\/wp\/v2\/pages\/1655\/revisions"}],"predecessor-version":[{"id":2206,"href":"http:\/\/www.almetal.de\/wordpress\/index.php?rest_route=\/wp\/v2\/pages\/1655\/revisions\/2206"}],"up":[{"embeddable":true,"href":"http:\/\/www.almetal.de\/wordpress\/index.php?rest_route=\/wp\/v2\/pages\/403"}],"wp:attachment":[{"href":"http:\/\/www.almetal.de\/wordpress\/index.php?rest_route=%2Fwp%2Fv2%2Fmedia&parent=1655"}],"curies":[{"name":"wp","href":"https:\/\/api.w.org\/{rel}","templated":true}]}}