{"id":1309,"date":"2017-11-20T11:05:21","date_gmt":"2017-11-20T11:05:21","guid":{"rendered":"http:\/\/www.almetal.de\/wordpress\/?page_id=1309"},"modified":"2017-11-21T21:08:23","modified_gmt":"2017-11-21T21:08:23","slug":"dressurviereck","status":"publish","type":"page","link":"https:\/\/www.almetal.de\/wordpress\/?page_id=1309","title":{"rendered":"Dressurviereck"},"content":{"rendered":"<p>Unser beleuchtetes Dressurviereck ist 20 mal 40 Meter gro\u00df und direkt bei den Stallungen in der geschlossenen Hofanlage. Es steht ganzj\u00e4hrig zur Verf\u00fcgung\u00a0 und ist immer bereitbar. Der Belag wurde 2015, der Zaun 2016 komplett erneuert und durch eine Einfassung mit verzinktem Stahlrohr und abgebogenen Zaunpf\u00e4hlen ersetzt (siehe Foto 2+3). Der Belag ist ein Sandboden, der durch den Unterbau niemals zu tief wird. 3 gro\u00dfe LED-Strahler leuchten den Platz auch in den Abendstunden taghell aus. Der Platz kann ebenso zum Freilaufen, W\u00e4lzen und longieren benutzt werden.<a href=\"http:\/\/www.almetal.de\/wordpress\/wp-content\/uploads\/2017\/11\/IMG_90441.jpg\"><img loading=\"lazy\" decoding=\"async\" class=\"alignleft size-medium wp-image-1390\" src=\"http:\/\/www.almetal.de\/wordpress\/wp-content\/uploads\/2017\/11\/IMG_90441-300x300.jpg\" alt=\"\" width=\"300\" height=\"300\" srcset=\"https:\/\/www.almetal.de\/wordpress\/wp-content\/uploads\/2017\/11\/IMG_90441-300x300.jpg 300w, https:\/\/www.almetal.de\/wordpress\/wp-content\/uploads\/2017\/11\/IMG_90441-150x150.jpg 150w, https:\/\/www.almetal.de\/wordpress\/wp-content\/uploads\/2017\/11\/IMG_90441-768x768.jpg 768w, https:\/\/www.almetal.de\/wordpress\/wp-content\/uploads\/2017\/11\/IMG_90441-1024x1024.jpg 1024w, https:\/\/www.almetal.de\/wordpress\/wp-content\/uploads\/2017\/11\/IMG_90441-144x144.jpg 144w, https:\/\/www.almetal.de\/wordpress\/wp-content\/uploads\/2017\/11\/IMG_90441.jpg 1280w\" sizes=\"auto, (max-width: 300px) 100vw, 300px\" \/><\/a><\/p>\n<p>&nbsp;<\/p>\n<p><a href=\"http:\/\/www.almetal.de\/wordpress\/wp-content\/uploads\/2017\/11\/Dressurviereck-beleuchtet.jpg\"><img loading=\"lazy\" decoding=\"async\" class=\"alignleft size-medium wp-image-1310\" src=\"http:\/\/www.almetal.de\/wordpress\/wp-content\/uploads\/2017\/11\/Dressurviereck-beleuchtet-300x225.jpg\" alt=\"\" width=\"300\" height=\"225\" srcset=\"https:\/\/www.almetal.de\/wordpress\/wp-content\/uploads\/2017\/11\/Dressurviereck-beleuchtet-300x225.jpg 300w, https:\/\/www.almetal.de\/wordpress\/wp-content\/uploads\/2017\/11\/Dressurviereck-beleuchtet.jpg 320w\" sizes=\"auto, (max-width: 300px) 100vw, 300px\" \/><\/a><a href=\"http:\/\/www.almetal.de\/wordpress\/wp-content\/uploads\/2017\/11\/IMG_8993.jpg\"><img loading=\"lazy\" decoding=\"async\" class=\"alignleft size-medium wp-image-1317\" src=\"http:\/\/www.almetal.de\/wordpress\/wp-content\/uploads\/2017\/11\/IMG_8993-300x202.jpg\" alt=\"\" width=\"300\" height=\"202\" srcset=\"https:\/\/www.almetal.de\/wordpress\/wp-content\/uploads\/2017\/11\/IMG_8993-300x202.jpg 300w, https:\/\/www.almetal.de\/wordpress\/wp-content\/uploads\/2017\/11\/IMG_8993-768x518.jpg 768w, https:\/\/www.almetal.de\/wordpress\/wp-content\/uploads\/2017\/11\/IMG_8993.jpg 1024w\" sizes=\"auto, (max-width: 300px) 100vw, 300px\" \/><\/a><a href=\"http:\/\/www.almetal.de\/wordpress\/wp-content\/uploads\/2017\/11\/IMG_8994.jpg\"><img loading=\"lazy\" decoding=\"async\" class=\"alignleft size-medium wp-image-1322\" src=\"http:\/\/www.almetal.de\/wordpress\/wp-content\/uploads\/2017\/11\/IMG_8994-300x225.jpg\" alt=\"\" width=\"300\" height=\"225\" srcset=\"https:\/\/www.almetal.de\/wordpress\/wp-content\/uploads\/2017\/11\/IMG_8994-300x225.jpg 300w, https:\/\/www.almetal.de\/wordpress\/wp-content\/uploads\/2017\/11\/IMG_8994-768x576.jpg 768w, https:\/\/www.almetal.de\/wordpress\/wp-content\/uploads\/2017\/11\/IMG_8994.jpg 1024w\" sizes=\"auto, (max-width: 300px) 100vw, 300px\" \/><\/a><\/p>\n","protected":false},"excerpt":{"rendered":"<p>Unser beleuchtetes Dressurviereck ist 20 mal 40 Meter gro\u00df und direkt bei den Stallungen in der geschlossenen Hofanlage. Es steht ganzj\u00e4hrig zur Verf\u00fcgung\u00a0 und ist [&#8230;]<\/p>\n","protected":false},"author":2,"featured_media":0,"parent":0,"menu_order":97,"comment_status":"closed","ping_status":"closed","template":"","meta":{"footnotes":""},"class_list":["post-1309","page","type-page","status-publish","hentry"],"_links":{"self":[{"href":"https:\/\/www.almetal.de\/wordpress\/index.php?rest_route=\/wp\/v2\/pages\/1309","targetHints":{"allow":["GET"]}}],"collection":[{"href":"https:\/\/www.almetal.de\/wordpress\/index.php?rest_route=\/wp\/v2\/pages"}],"about":[{"href":"https:\/\/www.almetal.de\/wordpress\/index.php?rest_route=\/wp\/v2\/types\/page"}],"author":[{"embeddable":true,"href":"https:\/\/www.almetal.de\/wordpress\/index.php?rest_route=\/wp\/v2\/users\/2"}],"replies":[{"embeddable":true,"href":"https:\/\/www.almetal.de\/wordpress\/index.php?rest_route=%2Fwp%2Fv2%2Fcomments&post=1309"}],"version-history":[{"count":6,"href":"https:\/\/www.almetal.de\/wordpress\/index.php?rest_route=\/wp\/v2\/pages\/1309\/revisions"}],"predecessor-version":[{"id":1395,"href":"https:\/\/www.almetal.de\/wordpress\/index.php?rest_route=\/wp\/v2\/pages\/1309\/revisions\/1395"}],"wp:attachment":[{"href":"https:\/\/www.almetal.de\/wordpress\/index.php?rest_route=%2Fwp%2Fv2%2Fmedia&parent=1309"}],"curies":[{"name":"wp","href":"https:\/\/api.w.org\/{rel}","templated":true}]}}